{"id":924,"date":"2015-02-14T08:59:00","date_gmt":"2015-02-14T08:59:00","guid":{"rendered":"http:\/\/demo.wpcharming.com\/construction\/?page_id=538"},"modified":"2025-05-23T14:41:28","modified_gmt":"2025-05-23T12:41:28","slug":"home-extended-2","status":"publish","type":"page","link":"https:\/\/www.lagremille.eu\/nl\/","title":{"rendered":"Home"},"content":{"rendered":"<p>[vc_row row_type=\u00a0\u00bbrow_fullwidth_content\u00a0\u00bb margin_top=\u00a0\u00bb-80&Prime; padding_bottom=\u00a0\u00bb0&Prime; class=\u00a0\u00bbfit-screen\u00a0\u00bb][vc_column][rev_slider_vc alias=\u00a0\u00bbHome1Extended\u00a0\u00bb][\/vc_column][\/vc_row][vc_row row_type=\u00a0\u00bbrow_full_center_content\u00a0\u00bb bg_color=\u00a0\u00bb#ed703a\u00a0\u00bb padding_top=\u00a0\u00bb20&Prime; padding_bottom=\u00a0\u00bb20&Prime;][vc_column width=\u00a0\u00bb3\/4&Prime; el_class=\u00a0\u00bbmobile-center\u00a0\u00bb][vc_column_text]<\/p>\n<h3><span style=\"color: #ffffff; display: block; margin-top: 2px;\">Geniet van de vele faciliteiten van onze vakantiewoning, ideaal gelegen tussen de Ardennen en de Gaume !<\/span><\/h3>\n<p>[\/vc_column_text][\/vc_column][vc_column width=\u00a0\u00bb1\/4&Prime; el_class=\u00a0\u00bbmobile-center\u00a0\u00bb][vc_button title=\u00a0\u00bbBOEKEN\u00a0\u00bb color=\u00a0\u00bbghost\u00a0\u00bb margin_top=\u00a0\u00bb0&Prime; margin_bottom=\u00a0\u00bb0&Prime; link=\u00a0\u00bburl:http%3A%2F%2Fwww.lagremille.eu%2Fnl%2Fboeken%2F|title:Boeken||\u00a0\u00bb el_class=\u00a0\u00bbright\u00a0\u00bb target=\u00a0\u00bbfalse\u00a0\u00bb][\/vc_column][\/vc_row][vc_row row_type=\u00a0\u00bbrow_full_center_content\u00a0\u00bb][vc_column][vc_custom_heading text=\u00a0\u00bbOntdek La Gr\u00e9mille\u00a0\u00bb font_container=\u00a0\u00bbtag:h2|font_size:42px|text_align:center\u00a0\u00bb google_fonts=\u00a0\u00bbfont_family:Ubuntu%3A300%2C300italic%2Cregular%2Citalic%2C500%2C500italic%2C700%2C700italic|font_style:400%20regular%3A400%3Anormal\u00a0\u00bb][vc_column_text size=\u00a0\u00bb0&Prime;]<\/p>\n<h3>Onze g\u00eete is de ideale locatie voor een ontspannend week(end)je weg met familie of vrienden, voor een werkgroep, of een uitje met uw club of vereniging!<\/h3>\n<p>[\/vc_column_text][\/vc_column][\/vc_row][vc_row row_type=\u00a0\u00bbrow_full_center_content\u00a0\u00bb][vc_column width=\u00a0\u00bb1\/2&Prime;][vc_column_text css_animation=\u00a0\u00bbnone\u00a0\u00bb size=\u00a0\u00bb0&Prime;]Op zoek naar het perfecte vakantiehuis om te ontspannen met vrienden of familie, om met uw werkgroep optimaal aan het werk te gaan, voor een uitje met uw club of vereniging\u00a0? Dan is onze g\u00eete ongetwijfeld de ideale plek! Het werd onlangs grondig gerenoveerd met een moderne toets, en biedt een sfeervol en harmonieus decor. Een niet te onderschatten troef: het is echt ideaal gelegen, in het hart van de Semoisvallei, op gelijke afstand van de Abdij van Orval en het kasteel van Bouillon.<\/p>\n<p>Dit prachtige pand heeft een authentieke uitstraling en biedt ook al het nodige comfort voor een fantastisch verblijf!.[\/vc_column_text][vc_row_inner][vc_column_inner width=\u00a0\u00bb1\/2&Prime;][vc_column_text size=\u00a0\u00bb0&Prime; el_class=\u00a0\u00bbhome3-about\u00a0\u00bb]<\/p>\n<ul>\n<li>Familiere\u00fcnies<\/li>\n<li>Feestvieren met vrienden<\/li>\n<li>Verjaardagen<\/li>\n<li>Trouwfeesten<\/li>\n<li>Bedrijfsfeesten \u2013 Seminaries \u2013 Incentives<\/li>\n<\/ul>\n<p>[\/vc_column_text][\/vc_column_inner][vc_column_inner width=\u00a0\u00bb1\/2&Prime;][vc_column_text size=\u00a0\u00bb0&Prime; el_class=\u00a0\u00bbhome3-about\u00a0\u00bb]<\/p>\n<ul>\n<li>Capaciteit: 50 gasten<\/li>\n<li>17 kamers<\/li>\n<li>16 doucheruimtes<\/li>\n<li>1 badkamer<\/li>\n<\/ul>\n<p>[\/vc_column_text][\/vc_column_inner][\/vc_row_inner][\/vc_column][vc_column width=\u00a0\u00bb1\/2&Prime;][vc_single_image image=\u00a0\u00bb1266&Prime; img_size=\u00a0\u00bblarge\u00a0\u00bb style=\u00a0\u00bbvc_box_rounded\u00a0\u00bb onclick=\u00a0\u00bblink_image\u00a0\u00bb css_animation=\u00a0\u00bbfadeIn\u00a0\u00bb][\/vc_column][\/vc_row][vc_row][vc_column][vc_masonry_media_grid element_width=\u00a0\u00bb3&Prime; initial_loading_animation=\u00a0\u00bbfadeIn\u00a0\u00bb grid_id=\u00a0\u00bbvc_gid:1748003973860-0f103a24-8362-1&Prime; include=\u00a0\u00bb1271,1268,1264,1261,1260,1259,1254,1252&Prime;][\/vc_column][\/vc_row][vc_row row_type=\u00a0\u00bbrow_full_center_content\u00a0\u00bb][vc_column][vc_custom_heading text=\u00a0\u00bbLa Gr\u00e9mille kan tot 50 gasten verwelkomen.\u00a0\u00bb font_container=\u00a0\u00bbtag:h2|font_size:42px|text_align:center\u00a0\u00bb google_fonts=\u00a0\u00bbfont_family:Ubuntu%3A300%2C300italic%2Cregular%2Citalic%2C500%2C500italic%2C700%2C700italic|font_style:400%20regular%3A400%3Anormal\u00a0\u00bb][vc_column_text size=\u00a0\u00bb0&Prime;]<\/p>\n<h3 style=\"text-align: center;\">Onze g\u00eete La Gremille is de perfecte locatie voor al uw evenementen (tot 50 gasten)!<\/h3>\n<p>[\/vc_column_text][\/vc_column][\/vc_row][vc_row row_type=\u00a0\u00bbrow_full_center_content\u00a0\u00bb][vc_column][vc_masonry_media_grid element_width=\u00a0\u00bb3&Prime; gap=\u00a0\u00bb15&Prime; initial_loading_animation=\u00a0\u00bbfadeIn\u00a0\u00bb grid_id=\u00a0\u00bbvc_gid:1748003973861-570b3dc4-2673-4&Prime; include=\u00a0\u00bb1273,1256,1250,1242&Prime;][vc_empty_space height=\u00a0\u00bb15px\u00a0\u00bb][vc_masonry_media_grid element_width=\u00a0\u00bb3&Prime; gap=\u00a0\u00bb15&Prime; initial_loading_animation=\u00a0\u00bbfadeIn\u00a0\u00bb grid_id=\u00a0\u00bbvc_gid:1748003973861-2d411f0e-6295-1&Prime; include=\u00a0\u00bb1033,1253,1264,1260&Prime;][\/vc_column][\/vc_row][vc_row row_type=\u00a0\u00bbrow_full_center_content\u00a0\u00bb][vc_column][vc_custom_heading text=\u00a0\u00bbOntdek de streek rond Florenville\u00a0\u00bb font_container=\u00a0\u00bbtag:h2|font_size:42px|text_align:center\u00a0\u00bb google_fonts=\u00a0\u00bbfont_family:Ubuntu%3A300%2C300italic%2Cregular%2Citalic%2C500%2C500italic%2C700%2C700italic|font_style:400%20regular%3A400%3Anormal\u00a0\u00bb][vc_column_text size=\u00a0\u00bb0&Prime;]De prachtige streek rond Florenville staat wijd en zijd bekend voor haar prachtige landschappen en historisch erfgoed, voor de pittoreske dorpjes en verstilde gehuchten, de uitgestrekte woudlanden en de adembenemende Semoisvallei. Perfect voor wie wil herbronnen en een frisse neus halen hartje natuur!<\/p>\n<p>Ontdek onze streek zonder dralen\u2026[\/vc_column_text][\/vc_column][\/vc_row][vc_row row_type=\u00a0\u00bbrow_full_center_content\u00a0\u00bb padding_top=\u00a0\u00bb70&Prime; padding_bottom=\u00a0\u00bb50&Prime; class=\u00a0\u00bbmobile-no-margin-top inverted-row\u00a0\u00bb][vc_column width=\u00a0\u00bb1\/3&Prime;]\n\t<div class=\"wpb_content_element featured-box \" >\n\t\t\t<div class=\"featured-box-thumb\"><a title=\"De omgeving\" target=\"\" href=\"http:\/\/www.lagremille.eu\/nl\/de-omgeving\/\"><img decoding=\"async\" src=\"https:\/\/www.lagremille.eu\/nl\/wp-content\/uploads\/2015\/02\/gite-la-gremille-chiny-720x430-600x300.jpg\"><\/a>\n\t\t\t<\/div>\n\t\t\t<div class=\"featured-box-content\"><h4>SEMOIS TOERISME<\/h4>\n\t\t\t\t\t<div class=\"featured-box-desc\"><p>Het rustige dorpje Sainte-C\u00e9cile ligt ten zuiden van het Ardense woud. Het biedt een uitgebreid wandelnetwerk door haar diepe bossen op ontdekking van adembenemende vergezichten.<br \/>\nwww.semois-tourisme.be<\/p>\n\t\t\t\t\t<\/div>\n\t\t\t\t\t<div class=\"featured-box-button\">\n\t\t\t\t\t\t<a title=\"De omgeving\" target=\"\" href=\"http:\/\/www.lagremille.eu\/nl\/de-omgeving\/\" class=\"\">Meer info<\/a>\n\t\t\t\t\t<\/div>\n\t\t\t<\/div>\n\t<\/div>[\/vc_column][vc_column width=\u00a0\u00bb1\/3&Prime;]\n\t<div class=\"wpb_content_element featured-box \" >\n\t\t\t<div class=\"featured-box-thumb\"><a title=\"De omgeving\" target=\"\" href=\"http:\/\/www.lagremille.eu\/nl\/de-omgeving\/\"><img decoding=\"async\" src=\"https:\/\/www.lagremille.eu\/nl\/wp-content\/uploads\/2015\/02\/gite-la-gremille-orval.jpg\"><\/a>\n\t\t\t<\/div>\n\t\t\t<div class=\"featured-box-content\"><h4>Abdij van Orval<\/h4>\n\t\t\t\t\t<div class=\"featured-box-desc\"><p>PRACHTIGE CISTERCI\u00cbNZERABDIJ WAAR DE TRAPPISTENBROEDERS HUN NECTAR BROUWEN<br \/>\nwww.orval.be<\/p>\n\t\t\t\t\t<\/div>\n\t\t\t\t\t<div class=\"featured-box-button\">\n\t\t\t\t\t\t<a title=\"De omgeving\" target=\"\" href=\"http:\/\/www.lagremille.eu\/nl\/de-omgeving\/\" class=\"\">Meer info<\/a>\n\t\t\t\t\t<\/div>\n\t\t\t<\/div>\n\t<\/div>[\/vc_column][vc_column width=\u00a0\u00bb1\/3&Prime;]\n\t<div class=\"wpb_content_element featured-box \" >\n\t\t\t<div class=\"featured-box-thumb\"><a title=\"De omgeving\" target=\"\" href=\"http:\/\/www.lagremille.eu\/nl\/de-omgeving\/\"><img decoding=\"async\" src=\"https:\/\/www.lagremille.eu\/nl\/wp-content\/uploads\/2015\/02\/gite-la-gremille-chassepierre.jpg\"><\/a>\n\t\t\t<\/div>\n\t\t\t<div class=\"featured-box-content\"><h4>Chassepierre<\/h4>\n\t\t\t\t\t<div class=\"featured-box-desc\"><p>Op een steenworp van Florenville, ligt Chassepierre, \u00e9\u00e9n van de Mooiste Dorpjes van Walloni\u00eb, ook bekend voor het International Straatkunstenfestival.<br \/>\nwww.chassepierre.be<\/p>\n\t\t\t\t\t<\/div>\n\t\t\t\t\t<div class=\"featured-box-button\">\n\t\t\t\t\t\t<a title=\"De omgeving\" target=\"\" href=\"http:\/\/www.lagremille.eu\/nl\/de-omgeving\/\" class=\"\">Meer info<\/a>\n\t\t\t\t\t<\/div>\n\t\t\t<\/div>\n\t<\/div>[\/vc_column][\/vc_row][vc_row row_type=\u00a0\u00bbrow_full_center_content\u00a0\u00bb bg_image=\u00a0\u00bb1033&Prime; row_parallax=\u00a0\u00bbfalse\u00a0\u00bb row_color_overlay=\u00a0\u00bb#ed703a\u00a0\u00bb row_text_color=\u00a0\u00bbrow_text_light\u00a0\u00bb padding_top=\u00a0\u00bb150&Prime; padding_bottom=\u00a0\u00bb150&Prime;][vc_column width=\u00a0\u00bb2\/3&Prime;][vc_column_text]<\/p>\n<h5 class=\"medium-heading-inverted\">G\u00eete La Gr\u00e9mille<em><br \/>\n<\/em><\/h5>\n<h1><span style=\"color: #ffffff;\">BOEK UW VERBLIJF tussen de Ardennen en de Gaume<\/span><\/h1>\n<p>[\/vc_column_text][vc_button title=\u00a0\u00bbBoeken\u00a0\u00bb color=\u00a0\u00bbghost\u00a0\u00bb margin_top=\u00a0\u00bb-20&Prime; link=\u00a0\u00bburl:http%3A%2F%2Fwww.lagremille.eu%2Fnl%2Fboeken%2F|title:Boeken||\u00a0\u00bb][\/vc_column][vc_column width=\u00a0\u00bb1\/3&Prime;][\/vc_column][\/vc_row]<\/p>\n","protected":false},"excerpt":{"rendered":"<p>[vc_row row_type=\u00a0\u00bbrow_fullwidth_content\u00a0\u00bb margin_top=\u00a0\u00bb-80&Prime; padding_bottom=\u00a0\u00bb0&Prime; class=\u00a0\u00bbfit-screen\u00a0\u00bb][vc_column][rev_slider_vc alias=\u00a0\u00bbHome1Extended\u00a0\u00bb][\/vc_column][\/vc_row][vc_row row_type=\u00a0\u00bbrow_full_center_content\u00a0\u00bb bg_color=\u00a0\u00bb#ed703a\u00a0\u00bb padding_top=\u00a0\u00bb20&Prime; padding_bottom=\u00a0\u00bb20&Prime;][vc_column width=\u00a0\u00bb3\/4&Prime; el_class=\u00a0\u00bbmobile-center\u00a0\u00bb][vc_column_text] Geniet van de vele faciliteiten van onze vakantiewoning, ideaal &#8230;<\/p>\n","protected":false},"author":1,"featured_media":0,"parent":0,"menu_order":0,"comment_status":"open","ping_status":"open","template":"","meta":{"footnotes":""},"class_list":["post-924","page","type-page","status-publish","hentry"],"_links":{"self":[{"href":"https:\/\/www.lagremille.eu\/nl\/wp-json\/wp\/v2\/pages\/924","targetHints":{"allow":["GET"]}}],"collection":[{"href":"https:\/\/www.lagremille.eu\/nl\/wp-json\/wp\/v2\/pages"}],"about":[{"href":"https:\/\/www.lagremille.eu\/nl\/wp-json\/wp\/v2\/types\/page"}],"author":[{"embeddable":true,"href":"https:\/\/www.lagremille.eu\/nl\/wp-json\/wp\/v2\/users\/1"}],"replies":[{"embeddable":true,"href":"https:\/\/www.lagremille.eu\/nl\/wp-json\/wp\/v2\/comments?post=924"}],"version-history":[{"count":15,"href":"https:\/\/www.lagremille.eu\/nl\/wp-json\/wp\/v2\/pages\/924\/revisions"}],"predecessor-version":[{"id":1327,"href":"https:\/\/www.lagremille.eu\/nl\/wp-json\/wp\/v2\/pages\/924\/revisions\/1327"}],"wp:attachment":[{"href":"https:\/\/www.lagremille.eu\/nl\/wp-json\/wp\/v2\/media?parent=924"}],"curies":[{"name":"wp","href":"https:\/\/api.w.org\/{rel}","templated":true}]}}

<p>[vc_row row_type= »row_fullwidth_content » margin_top= »-80&Prime; padding_bottom= »0&Prime; class= »fit-screen »][vc_column][rev_slider_vc alias= »Home1Extended »][/vc_column][/vc_row][vc_row row_type= »row_full_center_content » bg_color= »#ed703a » padding_top= »20&Prime; padding_bottom= »20&Prime;][vc_column width= »3/4&Prime; el_class= »mobile-center »][vc_column_text]</p>
<h3><span style="color: #ffffff; display: block; margin-top: 2px;">Geniet van de vele faciliteiten van onze vakantiewoning, ideaal gelegen tussen de Ardennen en de Gaume !</span></h3>
<p>[/vc_column_text][/vc_column][vc_column width= »1/4&Prime; el_class= »mobile-center »][vc_button title= »BOEKEN » color= »ghost » margin_top= »0&Prime; margin_bottom= »0&Prime; link= »url:http%3A%2F%2Fwww.lagremille.eu%2Fnl%2Fboeken%2F|title:Boeken|| » el_class= »right » target= »false »][/vc_column][/vc_row][vc_row row_type= »row_full_center_content »][vc_column][vc_custom_heading text= »Ontdek La Grémille » font_container= »tag:h2|font_size:42px|text_align:center » google_fonts= »font_family:Ubuntu%3A300%2C300italic%2Cregular%2Citalic%2C500%2C500italic%2C700%2C700italic|font_style:400%20regular%3A400%3Anormal »][vc_column_text size= »0&Prime;]</p>
<h3>Onze gîte is de ideale locatie voor een ontspannend week(end)je weg met familie of vrienden, voor een werkgroep, of een uitje met uw club of vereniging!</h3>
<p>[/vc_column_text][/vc_column][/vc_row][vc_row row_type= »row_full_center_content »][vc_column width= »1/2&Prime;][vc_column_text css_animation= »none » size= »0&Prime;]Op zoek naar het perfecte vakantiehuis om te ontspannen met vrienden of familie, om met uw werkgroep optimaal aan het werk te gaan, voor een uitje met uw club of vereniging ? Dan is onze gîte ongetwijfeld de ideale plek! Het werd onlangs grondig gerenoveerd met een moderne toets, en biedt een sfeervol en harmonieus decor. Een niet te onderschatten troef: het is echt ideaal gelegen, in het hart van de Semoisvallei, op gelijke afstand van de Abdij van Orval en het kasteel van Bouillon.</p>
<p>Dit prachtige pand heeft een authentieke uitstraling en biedt ook al het nodige comfort voor een fantastisch verblijf!.[/vc_column_text][vc_row_inner][vc_column_inner width= »1/2&Prime;][vc_column_text size= »0&Prime; el_class= »home3-about »]</p>
<ul>
<li>Familiereünies</li>
<li>Feestvieren met vrienden</li>
<li>Verjaardagen</li>
<li>Trouwfeesten</li>
<li>Bedrijfsfeesten – Seminaries – Incentives</li>
</ul>
<p>[/vc_column_text][/vc_column_inner][vc_column_inner width= »1/2&Prime;][vc_column_text size= »0&Prime; el_class= »home3-about »]</p>
<ul>
<li>Capaciteit: 50 gasten</li>
<li>17 kamers</li>
<li>16 doucheruimtes</li>
<li>1 badkamer</li>
</ul>
<p>[/vc_column_text][/vc_column_inner][/vc_row_inner][/vc_column][vc_column width= »1/2&Prime;][vc_single_image image= »1266&Prime; img_size= »large » style= »vc_box_rounded » onclick= »link_image » css_animation= »fadeIn »][/vc_column][/vc_row][vc_row][vc_column][vc_masonry_media_grid element_width= »3&Prime; initial_loading_animation= »fadeIn » grid_id= »vc_gid:1748003973860-0f103a24-8362-1&Prime; include= »1271,1268,1264,1261,1260,1259,1254,1252&Prime;][/vc_column][/vc_row][vc_row row_type= »row_full_center_content »][vc_column][vc_custom_heading text= »La Grémille kan tot 50 gasten verwelkomen. » font_container= »tag:h2|font_size:42px|text_align:center » google_fonts= »font_family:Ubuntu%3A300%2C300italic%2Cregular%2Citalic%2C500%2C500italic%2C700%2C700italic|font_style:400%20regular%3A400%3Anormal »][vc_column_text size= »0&Prime;]</p>
<h3 style="text-align: center;">Onze gîte La Gremille is de perfecte locatie voor al uw evenementen (tot 50 gasten)!</h3>
<p>[/vc_column_text][/vc_column][/vc_row][vc_row row_type= »row_full_center_content »][vc_column][vc_masonry_media_grid element_width= »3&Prime; gap= »15&Prime; initial_loading_animation= »fadeIn » grid_id= »vc_gid:1748003973861-570b3dc4-2673-4&Prime; include= »1273,1256,1250,1242&Prime;][vc_empty_space height= »15px »][vc_masonry_media_grid element_width= »3&Prime; gap= »15&Prime; initial_loading_animation= »fadeIn » grid_id= »vc_gid:1748003973861-2d411f0e-6295-1&Prime; include= »1033,1253,1264,1260&Prime;][/vc_column][/vc_row][vc_row row_type= »row_full_center_content »][vc_column][vc_custom_heading text= »Ontdek de streek rond Florenville » font_container= »tag:h2|font_size:42px|text_align:center » google_fonts= »font_family:Ubuntu%3A300%2C300italic%2Cregular%2Citalic%2C500%2C500italic%2C700%2C700italic|font_style:400%20regular%3A400%3Anormal »][vc_column_text size= »0&Prime;]De prachtige streek rond Florenville staat wijd en zijd bekend voor haar prachtige landschappen en historisch erfgoed, voor de pittoreske dorpjes en verstilde gehuchten, de uitgestrekte woudlanden en de adembenemende Semoisvallei. Perfect voor wie wil herbronnen en een frisse neus halen hartje natuur!</p>
<p>Ontdek onze streek zonder dralen…[/vc_column_text][/vc_column][/vc_row][vc_row row_type= »row_full_center_content » padding_top= »70&Prime; padding_bottom= »50&Prime; class= »mobile-no-margin-top inverted-row »][vc_column width= »1/3&Prime;]
	<div class="wpb_content_element featured-box " >
			<div class="featured-box-thumb"><a title="De omgeving" target="" href="http://www.lagremille.eu/nl/de-omgeving/"><img decoding="async" src="https://www.lagremille.eu/nl/wp-content/uploads/2015/02/gite-la-gremille-chiny-720x430-600x300.jpg"></a>
			</div>
			<div class="featured-box-content"><h4>SEMOIS TOERISME</h4>
					<div class="featured-box-desc"><p>Het rustige dorpje Sainte-Cécile ligt ten zuiden van het Ardense woud. Het biedt een uitgebreid wandelnetwerk door haar diepe bossen op ontdekking van adembenemende vergezichten.<br />
www.semois-tourisme.be</p>
					</div>
					<div class="featured-box-button">
						<a title="De omgeving" target="" href="http://www.lagremille.eu/nl/de-omgeving/" class="">Meer info</a>
					</div>
			</div>
	</div>[/vc_column][vc_column width= »1/3&Prime;]
	<div class="wpb_content_element featured-box " >
			<div class="featured-box-thumb"><a title="De omgeving" target="" href="http://www.lagremille.eu/nl/de-omgeving/"><img decoding="async" src="https://www.lagremille.eu/nl/wp-content/uploads/2015/02/gite-la-gremille-orval.jpg"></a>
			</div>
			<div class="featured-box-content"><h4>Abdij van Orval</h4>
					<div class="featured-box-desc"><p>PRACHTIGE CISTERCIËNZERABDIJ WAAR DE TRAPPISTENBROEDERS HUN NECTAR BROUWEN<br />
www.orval.be</p>
					</div>
					<div class="featured-box-button">
						<a title="De omgeving" target="" href="http://www.lagremille.eu/nl/de-omgeving/" class="">Meer info</a>
					</div>
			</div>
	</div>[/vc_column][vc_column width= »1/3&Prime;]
	<div class="wpb_content_element featured-box " >
			<div class="featured-box-thumb"><a title="De omgeving" target="" href="http://www.lagremille.eu/nl/de-omgeving/"><img decoding="async" src="https://www.lagremille.eu/nl/wp-content/uploads/2015/02/gite-la-gremille-chassepierre.jpg"></a>
			</div>
			<div class="featured-box-content"><h4>Chassepierre</h4>
					<div class="featured-box-desc"><p>Op een steenworp van Florenville, ligt Chassepierre, één van de Mooiste Dorpjes van Wallonië, ook bekend voor het International Straatkunstenfestival.<br />
www.chassepierre.be</p>
					</div>
					<div class="featured-box-button">
						<a title="De omgeving" target="" href="http://www.lagremille.eu/nl/de-omgeving/" class="">Meer info</a>
					</div>
			</div>
	</div>[/vc_column][/vc_row][vc_row row_type= »row_full_center_content » bg_image= »1033&Prime; row_parallax= »false » row_color_overlay= »#ed703a » row_text_color= »row_text_light » padding_top= »150&Prime; padding_bottom= »150&Prime;][vc_column width= »2/3&Prime;][vc_column_text]</p>
<h5 class="medium-heading-inverted">Gîte La Grémille<em><br />
</em></h5>
<h1><span style="color: #ffffff;">BOEK UW VERBLIJF tussen de Ardennen en de Gaume</span></h1>
<p>[/vc_column_text][vc_button title= »Boeken » color= »ghost » margin_top= »-20&Prime; link= »url:http%3A%2F%2Fwww.lagremille.eu%2Fnl%2Fboeken%2F|title:Boeken|| »][/vc_column][vc_column width= »1/3&Prime;][/vc_column][/vc_row]</p>
